{"id":5569,"date":"2025-03-12T14:25:47","date_gmt":"2025-03-12T21:25:47","guid":{"rendered":"https:\/\/chrismathsdesignstore.com\/?post_type=product&#038;p=5569"},"modified":"2026-03-18T11:22:00","modified_gmt":"2026-03-18T18:22:00","slug":"tote-bag-mama-autism","status":"publish","type":"product","link":"https:\/\/chrismathsdesignstore.com\/en\/product\/tote-bag-mama-autism\/","title":{"rendered":"Tote Bag Mama Autism"},"content":{"rendered":"<h1 class=\"product_title entry-title elementor-heading-title elementor-size-default\">Tote Bag Mama Autism<\/h1>\n<h5>Celebra el amor incondicional y la fortaleza de las mam\u00e1s que cr\u00edan a ni\u00f1os con autismo con nuestra exclusiva tote bag &#8220;Mam\u00e1s del Autismo&#8221;. Este dise\u00f1o \u00fanico y conmovedor es perfecto para el D\u00eda de las Madres, ya que rinde homenaje a su valent\u00eda y dedicaci\u00f3n.<\/h5>\n<h5>Sorprende a esa mam\u00e1 especial en su d\u00eda con un regalo significativo que refleja su amor y dedicaci\u00f3n.<\/h5>\n<h5>Demuestra tu apoyo y admiraci\u00f3n a todas las mam\u00e1s que enfrentan el desaf\u00edo del autismo con valent\u00eda y amor. Haz que este D\u00eda de las Madres sea inolvidable con nuestra tote bag &#8220;Mam\u00e1s del Autismo&#8221;. \u00a1Un regalo lleno de significado que seguramente tocar\u00e1 su coraz\u00f3n!<\/h5>\n<h5><\/h5>\n<h5>Material\/ Medidas<\/h5>\n<h5>Material : 100% algod\u00f3n.<br \/>\nColor: Natural<br \/>\ntamano: 16 in x 21 in.<br \/>\nAsas: 15 in.<\/h5>","protected":false},"excerpt":{"rendered":"<h1 class=\"product_title entry-title elementor-heading-title elementor-size-default\">Tote Bag Mama Autism<\/h1>","protected":false},"featured_media":5570,"comment_status":"closed","ping_status":"closed","template":"","meta":{"_monsterinsights_skip_tracking":false,"_monsterinsights_sitenote_active":false,"_monsterinsights_sitenote_note":"","_monsterinsights_sitenote_category":0},"product_brand":[],"product_cat":[205,28],"product_tag":[182,152,153,148,149,147,154,156],"class_list":{"0":"post-5569","1":"product","2":"type-product","3":"status-publish","4":"has-post-thumbnail","6":"product_cat-san-valentin","7":"product_cat-tote-bag","8":"product_tag-articulos-cristianos","9":"product_tag-birthday","10":"product_tag-cumpleanos","11":"product_tag-dama","12":"product_tag-mujer","13":"product_tag-nina","14":"product_tag-quinceanera","15":"product_tag-regalo","17":"first","18":"instock","19":"shipping-taxable","20":"purchasable","21":"product-type-simple"},"aioseo_notices":[],"jetpack_sharing_enabled":true,"_links":{"self":[{"href":"https:\/\/chrismathsdesignstore.com\/en\/wp-json\/wp\/v2\/product\/5569","targetHints":{"allow":["GET"]}}],"collection":[{"href":"https:\/\/chrismathsdesignstore.com\/en\/wp-json\/wp\/v2\/product"}],"about":[{"href":"https:\/\/chrismathsdesignstore.com\/en\/wp-json\/wp\/v2\/types\/product"}],"replies":[{"embeddable":true,"href":"https:\/\/chrismathsdesignstore.com\/en\/wp-json\/wp\/v2\/comments?post=5569"}],"wp:featuredmedia":[{"embeddable":true,"href":"https:\/\/chrismathsdesignstore.com\/en\/wp-json\/wp\/v2\/media\/5570"}],"wp:attachment":[{"href":"https:\/\/chrismathsdesignstore.com\/en\/wp-json\/wp\/v2\/media?parent=5569"}],"wp:term":[{"taxonomy":"product_brand","embeddable":true,"href":"https:\/\/chrismathsdesignstore.com\/en\/wp-json\/wp\/v2\/product_brand?post=5569"},{"taxonomy":"product_cat","embeddable":true,"href":"https:\/\/chrismathsdesignstore.com\/en\/wp-json\/wp\/v2\/product_cat?post=5569"},{"taxonomy":"product_tag","embeddable":true,"href":"https:\/\/chrismathsdesignstore.com\/en\/wp-json\/wp\/v2\/product_tag?post=5569"}],"curies":[{"name":"wp","href":"https:\/\/api.w.org\/{rel}","templated":true}]}}

<h1 class="product_title entry-title elementor-heading-title elementor-size-default">Tote Bag Mama Autism</h1>
<h5>Celebra el amor incondicional y la fortaleza de las mamás que crían a niños con autismo con nuestra exclusiva tote bag &#8220;Mamás del Autismo&#8221;. Este diseño único y conmovedor es perfecto para el Día de las Madres, ya que rinde homenaje a su valentía y dedicación.</h5>
<h5>Sorprende a esa mamá especial en su día con un regalo significativo que refleja su amor y dedicación.</h5>
<h5>Demuestra tu apoyo y admiración a todas las mamás que enfrentan el desafío del autismo con valentía y amor. Haz que este Día de las Madres sea inolvidable con nuestra tote bag &#8220;Mamás del Autismo&#8221;. ¡Un regalo lleno de significado que seguramente tocará su corazón!</h5>
<h5></h5>
<h5>Material/ Medidas</h5>
<h5>Material : 100% algodón.<br />
Color: Natural<br />
tamano: 16 in x 21 in.<br />
Asas: 15 in.</h5>
